2003
171 (base 11) to base 15
d4
24336 (base 7) to base 16
18cc
473 (base 8) to base 3
102200
What is 20021110 (base 3) in base 6?
33103
What is -97e (base 16) in base 8?
-4576
What is 665 (base 7) in base 6?
1325
16378 (base 9) to base 14
4157
Convert 2150 (base 6) to base 2.
111110010
11221 (base 4) to base 14
1bb
What is 1110411 (base 5) in base 4?
10300121
Convert 28aa (base 13) to base 5.
142021
Convert 11203232 (base 4) to base 8.
54356
Convert -11161 (base 9) to base 13.
-34c3
What is 2675 (base 10) in base 4?
221303
-74a (base 13) to base 3
-1201010
What is 10230200 (base 4) in base 5?
1103412
-ee6 (base 16) to base 2
-111011100110
Convert 11011100101 (base 2) to base 11.
1365
Convert -1001202 (base 4) to base 12.
-2516
-a59 (base 11) to base 6
-5522
1af (base 16) to base 11
362
-1220120 (base 3) to base 13
-831
Convert -11100011000 (base 2) to base 12.
-1074
Convert -37655 (base 12) to base 10.
-75233
What is -112405 (base 6) in base 4?
-2112311
Convert 11001001100001 (base 2) to base 13.
5b41
Convert -1497 (base 10) to base 4.
-113121
43a (base 14) to base 4
31010
What is 210100 (base 4) in base 5?
33240
What is -8042 (base 10) in base 14?
-2d06
What is -695b (base 12) in base 9?
-17078
What is 197 (base 14) in base 16?
149
What is 11001100010100 (base 2) in base 9?
18838
60a (base 12) to base 14
466
Convert -10023 (base 4) to base 10.
-267
Convert 21505 (base 7) to base 2.
1010100010011
-328 (base 9) to base 4
-10031
Convert -1c5 (base 13) to base 2.
-101001010
What is 4474 (base 13) in base 11?
7200
Convert -33040 (base 7) to base 3.
-102022221
What is -972 (base 12) in base 11?
-1047
Convert 1120302 (base 6) to base 3.
2220101002
Convert -134 (base 16) to base 5.
-2213
Convert -17 (base 8) to base 9.
-16
-33102 (base 5) to base 14
-b89
Convert 94 (base 10) to base 16.
5e
What is 41d (base 16) in base 10?
1053
What is -924 (base 10) in base 3?
-1021020
-106 (base 15) to base 4
-3213
Convert -55172 (base 8) to base 16.
-5a7a
What is -3003 (base 5) in base 8?
-572
What is 2645 (base 10) in base 15?
bb5
What is 6025 (base 8) in base 2?
110000010101
What is 434 (base 8) in base 15?
13e
What is 75022 (base 8) in base 16?
7a12
Convert -6260 (base 11) to base 12.
-4972
-100020220 (base 3) to base 7
-25446
88252 (base 9) to base 11
3aa79
-2d13 (base 14) to base 7
-32323
What is 13299 (base 16) in base 2?
10011001010011001
1349 (base 12) to base 4
202221
1132 (base 9) to base 14
43d
-29a (base 11) to base 5
-2401
Convert 234 (base 5) to base 6.
153
-35a84 (base 11) to base 10
-51880
Convert 10c (base 16) to base 3.
100221
What is -20221 (base 4) in base 3?
-202111
What is 130101 (base 4) in base 9?
2430
What is -1ba8 (base 12) in base 6?
-23532
-532 (base 16) to base 4
-110302
Convert 14942 (base 11) to base 2.
101001001101100
What is 11000220112 (base 3) in base 9?
130815
What is -100454 (base 6) in base 8?
-17422
Convert -14023 (base 5) to base 10.
-1138
What is -1702 (base 10) in base 4?
-122212
What is db95 (base 14) in base 9?
57056
3444 (base 5) to base 15
234
What is 15435 (base 6) in base 2?
100111101111
What is -15b (base 16) in base 3?
-110212
40170 (base 9) to base 7
136635
-110000010001 (base 2) to base 10
-3089
e1c2 (base 15) to base 14
13521
What is 7645 (base 11) in base 8?
23554
-4287 (base 12) to base 16
-1c87
What is -586 (base 10) in base 4?
-21022
Convert 22682 (base 9) to base 13.
6b78
-522 (base 8) to base 7
-662
-68a (base 13) to base 12
-7a0
What is 10810 (base 11) in base 9?
23375
Convert -eb (base 16) to base 3.
-22201
What is 114224 (base 5) in base 15?
1429
Convert 155011 (base 6) to base 3.
210001021
What is -10102221 (base 3) in base 13?
-11b0
What is 24243 (base 5) in base 2?
11100011111
142b (base 16) to base 6
35523
What is -571 (base 9) in base 10?
-469
What is -4334 (base 6) in base 5?
-12434
-2f37 (base 16) to base 9
-17520
212 (base 14) to base 15
1c3
-7338 (base 11) to base 4
-2113321
What is -130552 (base 6) in base 8?
-27144
Convert 743 (base 10) to base 8.
1347
What is 42 (base 8) in base 11?
31
Convert -7313 (base 8) to base 11.
-2933
-20162 (base 8) to base 9
-12348
-10100000010 (base 2) to base 7
-3511
Convert 13ac8 (base 14) to base 15.
e6c4
Convert -70335 (base 8) to base 12.
-14879
3a3f (base 16) to base 14
5611
What is 168a (base 14) in base 15?
12e7
What is -2525 (base 12) in base 4?
-1001231
Convert -5ba (base 13) to base 10.
-998
Convert 143342 (base 5) to base 14.
2317
What is -12414 (base 8) in base 2?
-1010100001100
What is 25406 (base 8) in base 2?
10101100000110
What is 26082 (base 9) in base 3?
220002202
Convert -9381 (base 13) to base 3.
-1000222000
What is -12440 (base 5) in base 13?
-5b7
-44167 (base 8) to base 13
-85a0
-11211 (base 4) to base 9
-436
20623 (base 7) to base 9
7011
-10001000111 (base 2) to base 15
-4d0
Convert 1584 (base 9) to base 6.
5334
What is 1056 (base 8) in base 15?
273
-32010 (base 8) to base 2
-11010000001000
Convert 4010 (base 9) to base 3.
11000100
Convert -10000210 (base 3) to base 8.
-4240
Convert 1277 (base 10) to base 11.
a61
-105530 (base 6) to base 4
-2031132
10164 (base 9) to base 7
25351
Convert 6237 (base 10) to base 12.
3739
What is 1101011011001 (base 2) in base 12?
3b89
1242 (base 7) to base 16
1d7
What is 4a1 (base 12) in base 5?
10242
1614 (base 10) to base 4
121032
Convert 1554 (base 7) to base 11.
520
685 (base 14) to base 8
2415
7093 (base 10) to base 9
10651
-63142 (base 10) to base 16
-f6a6
What is 1312 (base 4) in base 2?
1110110
-1011100 (base 4) to base 6
-32304
Convert 3636 (base 8) to base 4.
132132
What is 434 (base 16) in base 13?
64a
d19 (base 16) to base 4
310121
100010100100 (base 2) to base 5
32322
-2211102 (base 4) to base 7
-42561
Convert -11112001 (base 3) to base 6.
-23131
Convert 2332414 (base 5) to base 9.
64711
64607 (base 9) to base 13
16615
-942 (base 10) to base 14
-4b4
387c (base 14) to base 15
2e0a
Convert 46 (base 8) to base 10.
38
Convert 3bb (base 12) to base 11.
483
Convert -43c3 (base 13) to base 6.
-111434
-49b (base 13) to base 12
-570
Convert -19baa (base 14) to base 5.
-4043133
What is -1929 (base 12) in base 3?
-11012020
What is -1222001 (base 3) in base 12?
-9b4
Convert 1cb (base 13) to base 15.
176
Convert -a881 (base 14) to base 5.
-1412441
What is 4340 (base 9) in base 15?
e30
What is -110222201 (base 3) in base 12?
-5591
What is -1761 (base 11) in base 13?
-1039
Convert -12122120 (base 3) to base 10.
-4119
31003 (base 4) to base 14
439
What is -299d (base 15) in base 12?
-51b7
Convert -2120220022 (base 3) to base 15.
-10172
What is 279 (base 11) in base 15?
16d
-178 (base 12) to base 5
-1421
5662 (base 7) to base 6
13301
Convert 3115 (base 6) to base 5.
10240
-4062 (base 9) to base 3
-11002002
Convert 54 (base 9) to base 15.
34
What is -dc3 (base 14) in base 7?
-10633
What is 8986 (base 10) in base 13?
4123
610d (base 15) to base 13
9430
What is 1890b (base 12) in base 5?
2121432
1100 (base 2) to base 11
11
-355 (base 10) to base 15
-18a
7c8 (base 16) to base 2
11111001000
Convert 514 (base 8) to base 16.
14c
4203 (base 8) to base 10
2179
-3121002 (base 4) to base 14
-50c2
Convert -1603 (base 14) to base 2.
-111101010011
-300123 (base 4) to base 12
-1963
-3950 (base 11) to base 13
-2452
-739 (base 14) to base 5
-21143
-10222010 (base 3) to base 6
-21220
What is 404 (base 16) in base 5?
13103
-51 (base 6) to base 16
-1f
What is -3580 (base 16) in base 2?
-11010110000000
Convert -14455 (base 10) to base 13.
-676c
Convert -7240 (base 12) to base 7.
-51150
6200 (base 7) to base 13
c9b
-233 (base 11) to base 13
-185
What is 1d6 (base 16) in base 2?
111010110
Convert -1222 (base 9) to base 6.
-4115
Convert 279 (base 10) to base 2.
100010111
-2dd (base 15) to base 8
-1222
Convert 1230032 (base 4) to base 15.
20bb
What is -392 (base 11) in base 14?
-252
Convert -10110101001111 (base 2) to base 9.
-16817
What is -1110011000110 (base 2) in base 14?
-2982
What is -2b05 (base 15) in base 6?
-110422
1083 (base 11) to base 9
1850
341 (base 12) to base 13
2b0
Convert -1021201211 (base 3) to base 13.
-b6aa
11010111111110 (base 2) to base 7
55204
Convert -5356 (base 7) to base 5.
-30103
Convert 2414314 (base 5) to base 15.
d4c4
Convert -7a5 (base 11) to base 16.
-3c2
What is 4512 (base 9) in base 10?
3332
What i